greatest common divisor of f and 5?
5
Suppose -10 = -v - v. Suppose v*i = -4*d + 20, i - 23 = -0*i + 3*d. Suppose -2*w = i, -u - 6 = 3*w + 1. What is the greatest common factor of 15 and u?
5
Let b(u) = 2*u**2 - 9*u + 1. Let i be b(7). What is the highest common factor of i and 12?
12
Suppose 5*j = j. Let c(k) = k**3 + 4*k**2 + 2. Let v be c(3). Let n = j + v. Calculate the greatest common divisor of 26 and n.
13
Let q = 10 + -8. Suppose 4*m - q*u - 2 = 0, -m - m = -2*u. What is the greatest common factor of m and 3?
1
Let j(s) = -2 + 5*s**2 - 4*s**2 + 4 + 28. Let m be j(0). Calculate the greatest common divisor of m and 6.
6
Let b(q) = -q - 1. Let c be b(-5). Suppose 31 = c*x - 1. Suppose 20 = -3*h + 8*h. What is the highest common factor of h and x?
4
Suppose 0*n - n = -1. Let p be n/2 + (-89)/(-2). Calculate the greatest common factor of p and 9.
9
Suppose 3 + 41 = -4*d. Let l = 27 + d. What is the highest common divisor of l and 4?
4
Let m(l) = -l**3 + 4*l**2 + l - 3. Let i be m(3). Let t(a) = -a**3 - 7*a**2 + 4*a - 23. Let n be t(-8). Calculate the greatest common divisor of n and i.
9
Suppose 42 = -2*o - o. Let a = -3 - o. Calculate the highest common divisor of a and 11.
11
Let u be (-3 - (-138)/(-2)) + 2. Let d be (-534)/(-7) + 20/u. Calculate the greatest common divisor of 19 and d.
19
Suppose 865 = 5*x + 2*i, -30 + 400 = 2*x - 4*i. Calculate the highest common factor of 70 and x.
35
Suppose 4*l - 3*a = 123, 3*l + 3*a - 87 = -0*l. Let m be -1 + (7 - 1) - 2. What is the highest common factor of l and m?
3
Let t be 3/(-6) - 35/(-10). Suppose t = 4*l - l. Suppose 3*s - s = 22. What is the highest common factor of s and l?
1
Suppose -2*w = -17 - 13. What is the greatest common divisor of 3 and w?
3
Suppose -2 = 4*u - 14. What is the greatest common divisor of 27 and u?
3
Suppose 3*u = -u + 2*z + 128, 27 = u - 3*z. Calculate the highest common factor of u and 363.
33
Suppose 13*i = 14*i - 12. Suppose -3*w - 6 = -114. Calculate the highest common factor of w and i.
12
Suppose -v + 3 = 1. What is the greatest common divisor of 18 and v?
2
Let k be (-1)/(-5) + 544/5. Let a = k + -43. Suppose -2*h = b - 8, -3*b + 15 = 2*h - 5. Calculate the greatest common factor of b and a.
6
Let o(a) = a**3 - 9*a**2 - 13*a + 7. Let r be o(10). Let j = r - -32. Calculate the greatest common divisor of 9 and j.
9
Let u(z) = -z**2 + 6*z + 4. Let y be u(5). Suppose 0 = -2*q - y + 171. What is the highest common divisor of 54 and q?
27
Let m(c) = c**2 + 7*c + 12. Let w be m(-11). Calculate the greatest common factor of 7 and w.
7
Suppose -451 = j - 5*i, -5*i + 2147 = -5*j - 188. Let a be j/15 - 4/(-10). Let c = -19 - a. What is the greatest common factor of c and 84?
12
Suppose h + 74 = -10. Let r = h + 128. Suppose -r + 8 = -k. What is the highest common divisor of 24 and k?
12
Let n(y) = 3*y**2 - 4*y - 4. Let d be n(-2). Let m be ((-2)/(-3))/((-3)/(-9)). What is the greatest common divisor of d and m?
2
Suppose -d - 98 = -2*w, 0 = 2*d - 3*w - 58 + 253. Let h be (-2*1)/(4/d). Calculate the highest common factor of 6 and h.
6
Suppose -4*j + 5*z + 76 = 0, -3*j = 2*z + z - 57. What is the highest common divisor of 95 and j?
19
Let j = -11 - -16. Suppose -s = -j - 2. Suppose 4*g - 24 = -5*q + 40, -4*g - q + 80 = 0. Calculate the greatest common divisor of g and s.
7
Let k(n) = 3*n + 22. Let c be k(-5). What is the highest common divisor of 77 and c?
7
Let u = 11 - 10. Suppose 4*w - 26 = 3*h - 6*h, u = 3*h - w. Suppose 4*x = h*x + 78. Calculate the highest common factor of 26 and x.
13
Suppose -4*h = -5 - 3. Let q = -15 + 15. Suppose 5*b - 11 - 19 = q. What is the highest common divisor of h and b?
2
Suppose 0*h = -h + 12. Let t(q) = -18*q + 6. Let m be t(-3). What is the greatest common divisor of h and m?
12
Let v = 105 - 87. What is the highest common factor of v and 63?
9
Let i(m) = m**2 - m - 4. Let l be i(3). Suppose b = 0, 0*q = -3*q - l*b + 3. Calculate the highest common divisor of 11 and q.
1
Suppose -24 - 80 = -w - 2*y, -y = -3*w + 298. Let q = w - 45. Suppose -2*t - 11 = -3*t. Calculate the greatest common divisor of t and q.
11
Let n be ((-6)/2 - -3)/1. Suppose -2*x - 2 = 5*p - n*p, -4*x + 12 = 2*p. Calculate the highest common factor of 6 and x.
2
Let h be (2 - 0) + 13 + -2. Let f = h + -11. Suppose 0 = f*c - 2, c - 282 = 4*r - 761. What is the greatest common divisor of r and 15?
15
Let d = -20 + 35. What is the highest common divisor of d and 105?
15
Let f(c) = 3*c - 13. Let d be f(7). Suppose -5*t + a = -5, -t + d + 14 = 4*a. Calculate the greatest common factor of 6 and t.
2
Suppose 3*y + 5*h = 132 + 81, 5*y + 5*h - 365 = 0. Suppose -10 = -4*c - 4*r + 46, 96 = 4*c - 4*r. What is the greatest common divisor of c and y?
19
Let p(w) = w**3 - 5*w**2 + 4*w + 4. Let u(c) = -c**2 - 5*c + 4. Let l be u(-5). Let h be p(l). Calculate the highest common factor of 16 and h.
4
Suppose 0*u = -2*u - 16. Let c = 18 + u. Suppose 4*n = -0 + 40. Calculate the highest common factor of c and n.
10
Let w = -6 + 7. Let i = 8 + w. Let d = i + -4. What is the highest common factor of d and 25?
5
Let n(m) = 2*m**2 + 11*m + 1. Let r be n(-9). What is the highest common divisor of r and 8?
8
Let g(q) = -q**3 + 4*q**2 - q + 2. Let v be g(3). Let l be (-1 - v)/(-5 - -4). Calculate the greatest common divisor of l and 9.
9
Suppose -5*f - l - 145 = -3*l, 103 = -3*f - 2*l. Let n = 43 + f. What is the highest common factor of n and 48?
12
Suppose 0*d - 4*k = -d + 23, -4*d = k - 7. Suppose -d*f = f - 164. Suppose 33 = r + 4*h, r - 5*h - f = 19. What is the highest common factor of r and 18?
9
Let w(t) = 19*t**2 - 15*t + 34. Let a be w(2). Calculate the greatest common divisor of a and 16.
16
Suppose 2*k - 2 = 0, 4*y + 5*k = 5 + 4. Let m be (-54)/(-30) + -2*(-2)/20. Let b be m - ((-14)/y - 0). What is the highest common divisor of b and 144?
16
Suppose -25 = -5*f + g, -11 = 2*g - 1. Suppose 2*z + 3*p = 31, 0 = -3*z + 5*p - 1. What is the highest common factor of z and f?
4
Let j = -1 - -5. Suppose j = -4*r + 3*o + o, 2*r + 4*o = 16. Suppose b = -c + 37, 4 = -r*c + 6. What is the greatest common factor of 90 and b?
18
Let t = 395 - 150. Suppose -5*z + t = 45. Calculate the greatest common divisor of z and 5.
5
Let y(g) = 3*g**2 + 5*g + 4. Let i be y(-3). Calculate the greatest common factor of 16 and i.
16
Let d(l) = -76*l + 3. Let u be d(2). Let v = 266 + u. Let s(i) = -3*i - 5. Let b be s(-6). What is the highest common factor of v and b?
13
Let u be 1*-15*(-84)/9. Calculate the greatest common factor of 35 and u.
35
Let l(i) = -2*i**2 + 3*i - 5. Let m be l(-4). Let y = 75 - 74. Let r = y - m. What is the highest common divisor of 75 and r?
25
Suppose 5*q - 39 - 16 = 0. What is the greatest common divisor of 88 and q?
11
Let t = 10 + 17. Suppose -f + m - 11 = -t, 0 = 2*f + 3*m - 32. What is the greatest common divisor of f and 128?
16
Let h = -18 - -30. Calculate the highest common divisor of h and 12.
12
Let u(t) = 8*t**2 - 2*t + 4. Let m be u(-4). Suppose -6 = -z + 8. Calculate the highest common factor of z and m.
14
Suppose 0*q - 24 = -4*q. Suppose -q*u + u = -45. Calculate the greatest common factor of u and 99.
9
Suppose 4*b + 3*n - 351 = 0, -3*n - 316 = -4*b + n. What is the highest common divisor of 12 and b?
12
Let q(y) = 6*y - 2. Let s be q(6). Suppose 0 = 3*c - 50 - 4. Let n be s/9 - (-4)/c. Calculate the highest common factor of 6 and n.
2
Suppose 0 = 3*i + 2*t - 68, -100 = -3*i - i + 2*t. Let d = 223 + -103. What is the highest common factor of d and i?
24
Suppose 4*w - 163 = -4*t + 53, -t + 46 = -w. Let v = 7 + 18. Calculate the highest common factor of v and t.
25
Let h be 3 - -1*(-6)/2. Suppose -4*f - 58 = -2*c, -c + h*f + f = -28. What is the highest common factor of c and 18?
9
Suppose u = 4*m - 350, -2*m + 4*u = -0*m - 168. What is the highest common divisor of m and 8?
8
Let j be 2/(-3) - (-1491)/63. What is the highest common factor of 69 and j?
23
Suppose -7 = 2*l + 5. Let v = -4 - l. What is the highest common divisor of 4 and v?
2
Let c = -33 + 65. Calculate the highest common divisor of 4 and c.
4
Let q(k) = -k + 4. Let i be q(5). Let p(b) = 3*b - 2. Let x(m) = 1. Let l(z) = i*x(z) - p(z). Let j be l(-3). What is the highest common factor of j and 5?
5
L